{"id":1826,"date":"2023-08-12T21:16:02","date_gmt":"2023-08-12T21:16:02","guid":{"rendered":"https:\/\/akalininsaat.com\/?page_id=1826"},"modified":"2023-08-24T21:02:21","modified_gmt":"2023-08-24T21:02:21","slug":"teklif-formu","status":"publish","type":"page","link":"https:\/\/akalininsaat.com\/index.php\/teklif-formu\/","title":{"rendered":"Teklif-Formu"},"content":{"rendered":"<p>[vc_row css=&#8221;.vc_custom_1571051320807{margin-top: 70px !important;margin-bottom: 40px !important;}&#8221;][vc_column css=&#8221;.vc_custom_1467214267244{padding-top: 10px !important;padding-bottom: 10px !important;}&#8221;]<div style=\"background-color:;height: 120px\" class=\"nicdark_section  \"><\/div> <h1 style=\"color:;padding:px;text-align:;font-size:20px;line-height:20px;letter-spacing: 2px;font-weight:normal\" class=\"   nd_options_first_font \">Teklif-Form<\/h1> <div style=\"background-color:;height: 20px\" class=\"nicdark_section  \"><\/div>[vc_column_text]Akal\u0131n \u0130n\u015faat 20 y\u0131l\u0131 a\u015fan tecr\u00fcbesi ile in\u015faat sekt\u00f6r\u00fcndeki g\u00fcvenilirli\u011fini ve yenilik\u00e7i dinamizmi ile b\u00fcy\u00fcmesini s\u00fcrd\u00fcrmektedir. Konut imalat\u0131 m\u00fc\u015fteri kitlesi ihtiyac\u0131 ve lokasyon dikkate al\u0131narak farkl\u0131 fakat nitelikli projeler \u015feklinde hayata ge\u00e7irilmektedir. Sizlere Yard\u0131mc\u0131 Olabilmek i\u00e7in L\u00fctfen \u0130leti\u015fim Formunu Doldurunuz.[\/vc_column_text]<div style=\"background-color:;height: 20px\" class=\"nicdark_section  \"><\/div>\n\n    <!--start form-->\n    <div id=\"nd_options_shortcode_cf7_837\" class=\"nd_options_section \">\n      \n      <div class=\"nd_options_section nd_options_box_sizing_border_box\">\n        \n<div class=\"wpcf7 no-js\" id=\"wpcf7-f837-o1\" lang=\"en-US\" dir=\"ltr\">\n<div class=\"screen-reader-response\"><p role=\"status\" aria-live=\"polite\" aria-atomic=\"true\"><\/p> <ul><\/ul><\/div>\n<form action=\"\/index.php\/wp-json\/wp\/v2\/pages\/1826#wpcf7-f837-o1\" method=\"post\" class=\"wpcf7-form init\" aria-label=\"Contact form\" novalidate=\"novalidate\" data-status=\"init\">\n<div>\n<input type=\"hidden\" name=\"_wpcf7\" value=\"837\" \/>\n<input type=\"hidden\" name=\"_wpcf7_version\" value=\"5.8\" \/>\n<input type=\"hidden\" name=\"_wpcf7_locale\" value=\"en_US\" \/>\n<input type=\"hidden\" name=\"_wpcf7_unit_tag\" value=\"wpcf7-f837-o1\" \/>\n<input type=\"hidden\" name=\"_wpcf7_container_post\" value=\"0\" \/>\n<input type=\"hidden\" name=\"_wpcf7_posted_data_hash\" value=\"\" \/>\n<\/div>\n<div class=\"p-contact-form form-contact-wrap\">\n\t<div class=\"row\">\n\t\t<div class=\"col-md-6 col-sm-6\">\n\t\t\t<p>\u0130sim <span class=\"wpcf7-form-control-wrap\" data-name=\"name\"><input size=\"40\" class=\"wpcf7-form-control wpcf7-text wpcf7-validates-as-required input-name\" aria-required=\"true\" aria-invalid=\"false\" value=\"\" type=\"text\" name=\"name\" \/><\/span><br \/>\nEmail <span class=\"wpcf7-form-control-wrap\" data-name=\"email\"><input size=\"40\" class=\"wpcf7-form-control wpcf7-email wpcf7-validates-as-required wpcf7-text wpcf7-validates-as-email input-mail\" aria-required=\"true\" aria-invalid=\"false\" value=\"\" type=\"email\" name=\"email\" \/><\/span><br \/>\nTelefon <span class=\"wpcf7-form-control-wrap\" data-name=\"tel-590\"><input size=\"40\" class=\"wpcf7-form-control wpcf7-tel wpcf7-validates-as-required wpcf7-text wpcf7-validates-as-tel\" aria-required=\"true\" aria-invalid=\"false\" value=\"\" type=\"tel\" name=\"tel-590\" \/><\/span>\n\t\t\t<\/p>\n\t\t<\/div>\n\t\t<p>Mesaj\u0131n\u0131z\n\t\t<\/p>\n\t\t<div class=\"col-md-6 col-sm-6\">\n\t\t\t<p><span class=\"wpcf7-form-control-wrap\" data-name=\"message\"><textarea cols=\"40\" rows=\"10\" class=\"wpcf7-form-control wpcf7-textarea wpcf7-validates-as-required\" aria-invalid=\"false\" name=\"message\"><\/textarea><\/span>\n\t\t\t<\/p>\n\t\t<\/div>\n\t<\/div>\n\t<div class=\"form-submit text-left\">\n\t\t<p><input class=\"wpcf7-form-control wpcf7-submit has-spinner bt-bg bt-xs bt-primary\" type=\"submit\" value=\"Mesaj G\u00f6nder\" \/>\n\t\t<\/p>\n\t<\/div>\n<\/div><div class=\"wpcf7-response-output\" aria-hidden=\"true\"><\/div>\n<\/form>\n<\/div>\n \n      <\/div>  \n\n    <\/div>\n    <!--end form-->\n\n   [\/vc_column][\/vc_row]<\/p>\n","protected":false},"excerpt":{"rendered":"<p>[vc_row css=&#8221;.vc_custom_1571051320807{margin-top: 70px !important;margin-bottom: 40px !important;}&#8221;][vc_column css=&#8221;.vc_custom_1467214267244{padding-top: 10px !important;padding-bottom: 10px !important;}&#8221;][vc_column_text]Akal\u0131n \u0130n\u015faat 20 y\u0131l\u0131 a\u015fan tecr\u00fcbesi ile in\u015faat sekt\u00f6r\u00fcndeki g\u00fcvenilirli\u011fini ve yenilik\u00e7i dinamizmi ile b\u00fcy\u00fcmesini s\u00fcrd\u00fcrmektedir. Konut imalat\u0131 m\u00fc\u015fteri kitlesi ihtiyac\u0131 ve lokasyon dikkate al\u0131narak farkl\u0131 fakat nitelikli projeler \u015feklinde hayata ge\u00e7irilmektedir. Sizlere Yard\u0131mc\u0131 Olabilmek i\u00e7in L\u00fctfen \u0130leti\u015fim Formunu Doldurunuz.[\/vc_column_text][\/vc_column][\/vc_row]<\/p>\n","protected":false},"author":1,"featured_media":0,"parent":0,"menu_order":0,"comment_status":"closed","ping_status":"closed","template":"","meta":{"footnotes":""},"class_list":["post-1826","page","type-page","status-publish","hentry"],"_links":{"self":[{"href":"https:\/\/akalininsaat.com\/index.php\/wp-json\/wp\/v2\/pages\/1826","targetHints":{"allow":["GET"]}}],"collection":[{"href":"https:\/\/akalininsaat.com\/index.php\/wp-json\/wp\/v2\/pages"}],"about":[{"href":"https:\/\/akalininsaat.com\/index.php\/wp-json\/wp\/v2\/types\/page"}],"author":[{"embeddable":true,"href":"https:\/\/akalininsaat.com\/index.php\/wp-json\/wp\/v2\/users\/1"}],"replies":[{"embeddable":true,"href":"https:\/\/akalininsaat.com\/index.php\/wp-json\/wp\/v2\/comments?post=1826"}],"version-history":[{"count":6,"href":"https:\/\/akalininsaat.com\/index.php\/wp-json\/wp\/v2\/pages\/1826\/revisions"}],"predecessor-version":[{"id":1856,"href":"https:\/\/akalininsaat.com\/index.php\/wp-json\/wp\/v2\/pages\/1826\/revisions\/1856"}],"wp:attachment":[{"href":"https:\/\/akalininsaat.com\/index.php\/wp-json\/wp\/v2\/media?parent=1826"}],"curies":[{"name":"wp","href":"https:\/\/api.w.org\/{rel}","templated":true}]}}